igit of r?
3
Let f(l) = -1060*l + 1051. What is the thousands digit of f(-7)?
8
Let v(q) = -75 - 25 - 14*q - 13. What is the hundreds digit of v(-23)?
2
Suppose -6*w = 10*w - 80. Let j(a) = 16*a**2 - 2*a + 1 - 17*a**2 - w*a. What is the tens digit of j(-4)?
1
Suppose -8*o + 11 = -29. Suppose 3 = -v + o. Suppose -7*t = 5*w - 3*t - 333, -v*w = -3*t - 147. What is the tens digit of w?
6
Let d(b) = 1004*b**2 + 62*b + 203. What is the tens digit of d(-5)?
9
Suppose -p - 3*a = 830, -94 = 2*p - a + 1587. Let q = 1210 + p. What is the units digit of q?
1
Let a = -139 - -99. Let n = 52 + a. Suppose n = 3*r - 210. What is the tens digit of r?
7
Let b(s) = s**2 + 11*s - 17. Let h be b(-7). Let t = -12 - h. Suppose 0 = 29*g - t*g + 252. What is the units digit of g?
3
Suppose 0 = -22*n - 6972 + 61884. Let l = -1248 + n. What is the thousands digit of l?
1
Suppose x + 3*q = 16020, -3*q = 4*x - 71947 + 7903. What is the ten thousands digit of x?
1
Let m(i) = 7*i**2 - 6*i + 2. Let y be m(1). Suppose y*n + 615 = 3*q, -4*q = -6*q - 4*n + 398. What is the tens digit of q?
0
Let v(d) = d - 2. Let w(c) = 37*c - 59. Let j(y) = -4*v(y) + w(y). What is the tens digit of j(4)?
8
Let w(v) = -4*v**2 + v + 8. Let n be w(4). Let p = n + 127. Let b = -31 + p. What is the tens digit of b?
4
What is the tens digit of (-9505)/((-2)/(-5)*(765/18)/(-17))?
0
Let w = -28 + 53. What is the hundreds digit of 314/(-6)*(w - 28)?
1
Suppose 606 = 2*i - 388. Suppose -4*o = i - 4705. What is the thousands digit of o?
1
Let x(p) be the third derivative of p**6/120 - p**5/30 + 79*p**3/6 - p**2. Let b(z) = 5*z - 50. Let f be b(10). What is the units digit of x(f)?
9
Let j(l) = -12*l**3 - 24*l**2 + 183*l - 21. What is the thousands digit of j(-13)?
9
Suppose 0 = -r + 3*s + 2974, 67*s - 5958 = -2*r + 63*s. What is the units digit of r?
7
Let r = 159 + -153. What is the thousands digit of 1424 + 2 + (-54)/r?
1
Let p = 155269 - 98542. What is the hundreds digit of p?
7
Let m be (4/12*0)/3. Suppose 16*t - 16944 = -m*t. What is the tens digit of t?
5
Let g(z) = 3*z**3 - 4*z**2 - 3*z + 6. Let y be g(3). Suppose -c - 1071 = -4*c. Suppose -5*j - y = -c. What is the units digit of j?
3
Suppose -54*j + 39*j = -45. Suppose j*h - 11*h = -6976. What is the tens digit of h?
7
Suppose -201*s - 3200 = -209*s. Suppose 4*m + 3 = 5*g - s, -2*g + 154 = 2*m. What is the tens digit of g?
7
Let h(r) = -r**3 - 10*r**2 - 3*r + 5. Let p be h(-10). Suppose -8*o = -o - p. Suppose 4*y - 3*k = 2*y + 264, -o*y = -k - 647. What is the tens digit of y?
2
Let j(g) = g**2 - 8*g - 34. Suppose 270 = 7*p + 2*p. Let w = -16 + p. What is the units digit of j(w)?
0
What is the thousands digit of -265 + 270 - (-2711 + (-1 - -1))?
2
Let j(b) = 345*b**2 + 573*b + 2890. What is the tens digit of j(-5)?
5
Suppose 2*q - 34315 = 5*f, 2*f = -3*q + 12771 + 38654. Suppose 12*t + q = 39*t. What is the tens digit of t?
3
Let a(i) = 6*i - 64. Let r(c) = -8*c + 75. Let v(p) = 2*p - 19. Let q(g) = 2*r(g) + 9*v(g). Let h(z) = -5*a(z) + 16*q(z). What is the units digit of h(9)?
2
Let u = -4021 + 50046. What is the thousands digit of u?
6
Let f(p) = -764*p - 11002. What is the units digit of f(-103)?
0
Let x = 19328 - -3275. What is the units digit of x?
3
Suppose -4442 = -2*v - 2*p, 4*v - 25*p + 20*p = 8884. What is the units digit of v?
1
Suppose -t + 8301 = 4*k, -47*t + 4*k = -51*t + 33204. What is the hundreds digit of t?
3
Let h(o) = -2*o + 4623. What is the tens digit of h(32)?
5
Let r be ((-379)/2 + 0)/(57/(-114)). Suppose -11*g - r = -12*g. What is the tens digit of g?
7
Let f be (-538)/(-8) + 1/(-4). Suppose 4*p - 41*p + 222 = 0. Let z = f + p. What is the units digit of z?
3
Let d = 851 - 85. What is the units digit of d?
6
Let d(s) = 1119*s**3 + 22*s**2 - 79*s + 176. Let k(r) = 224*r**3 + 4*r**2 - 16*r + 35. Let m(b) = -2*d(b) + 11*k(b). What is the units digit of m(2)?
5
Suppose 166*s + 179*s - 152250 = 331*s. What is the hundreds digit of s?
8
Let q be -251*-14*(3 - 2)/2. Let k = q + -720. What is the thousands digit of k?
1
Let p be (-12357)/24 + 4/(-32). Let c = p + 223. Let l = c + 484. What is the hundreds digit of l?
1
Suppose -5*t = -3*z - 80 - 351, 4*z + 572 = 4*t. Let j = -85 - z. What is the tens digit of j?
5
Let y be (2 - -14)*(-2)/1. Let d = 242 + -164. Let r = y + d. What is the units digit of r?
6
What is the hundreds digit of -6 - (14 + -25) - -8768?
7
Let f(g) = -g**2 + 2*g + 5. Let w be f(3). Let h(z) = -5*z**w + 3 + 2 + 8*z - 3 + z**3. What is the units digit of h(6)?
6
Let m be 7 + -3 + -3 + 3. Let w(t) = -t**2 - 17*t + 4. Let h be w(-17). Suppose -h*l + 121 = -f, -f + 7 = m. What is the units digit of l?
1
Suppose -5*k = -9402 - 30950 + 6272. What is the thousands digit of k?
6
Suppose -9*h = -6*h + 5*u + 1222, -h - 434 = -5*u. Let a = h - -673. What is the units digit of a?
9
Let s be ((-1)/(-2))/((-4)/88). Let t(z) = -2*z**3 - 15*z**2 - 7*z - 61. What is the units digit of t(s)?
3
Let p(m) be the first derivative of 8*m**3/3 - 6*m - 183. Suppose 4*h = -0*h - 16. What is the hundreds digit of p(h)?
1
Suppose 0 = 6*m - 205 + 7. Suppose -2*x = 3*w - m, 3*x = -0*x - 2*w + 62. Suppose -15*l = -x*l + 1521. What is the hundreds digit of l?
1
Suppose 13688 = c - 4*l, -7511 = -4*c + 4*l + 47289. What is the units digit of c?
4
Let o be 6556 - (-14 - -9) - 4. Suppose -17*t + 18076 = -o. What is the tens digit of t?
4
Suppose -55*x + 44*x = -22. Suppose -3898 = -5*a - b, a - 788 = 6*b - x*b. What is the units digit of a?
0
Let l(b) = -4*b**2 - 7*b - 9. Let x(d) = -d**2 - d. Let g(m) = l(m) - 2*x(m). Let o be g(-12). Let p = -125 - o. What is the units digit of p?
2
Suppose 92 = -46*c + 50*c. Suppose -a = 5*o + 52, o + c = a + 3*a. Let i(p) = -8*p + 4. What is the units digit of i(o)?
2
Let y(x) = x**3 + x**2 + 6*x + 22. Let b be y(0). Let f = b - 14. What is the units digit of (f/10)/((-8)/(-2180))?
8
Let c(f) = -f**3 + 16*f**2 - 17*f - 24. Let h be c(16). Let l = 633 + h. What is the hundreds digit of l?
3
Let t be 29 - ((-16)/2 - -4). Let p(c) = -3*c + 102. What is the units digit of p(t)?
3
Suppose -12 = 4*l, -3*f + 2*l + 0*l + 12 = 0. Suppose -5*r + 5471 = f*b - 1894, 5*b + 2917 = 2*r. What is the units digit of r?
1
Let n be 2*(2 - -3*(-3)/(-2)). Suppose n*m - 191 - 199 = 0. Suppose k + 4*l = m, 4*l = 5*k + 9*l - 225. What is the tens digit of k?
5
Suppose 0 = -6*v + 3354 + 33282. What is the thousands digit of v?
6
Let w = -5016 + 22065. What is the units digit of w?
9
Suppose 16*u - 89635 - 126253 = 0. What is the ten thousands digit of u?
1
Let a(m) = 652*m + 152. What is the tens digit of a(6)?
6
Suppose -21285 + 134001 = -62*y. Let l = -1106 - y. What is the hundreds digit of l?
7
Suppose -z - 37 = -595. Let j be 20 - (2 - (-7 - 2)). Suppose -j*a + 657 = -z. What is the units digit of a?
5
Suppose 831 + 524 = 5*t. What is the tens digit of 5*(t + 0 - (-9)/(-3))?
4
Let o(x) be the first derivative of 4*x**2 + 318*x - 190. What is the hundreds digit of o(49)?
7
Let x(i) = 577*i - 9. Let p be x(1). Let y = -169 + p. What is the hundreds digit of y?
3
Let b be 40/((-7 + -5)/6). Let u(j) = -j**2 - 29*j + 9. What is the tens digit of u(b)?
8
Let a = -20477 + 21250. What is the units digit of a?
3
Let c = -148 + 143. Let g(x) = 6*x**2 - 15*x - 51. What is the hundreds digit of g(c)?
1
Let y(z) be the second derivative of z**3/6 + 19*z**2/2 - 27*z. Let c be y(-12). Suppose 3*v - 73 + c = 0. What is the units digit of v?
2
Let d(b) = 5*b**2 + 117*b - 18. What is the hundreds digit of d(-41)?
5
What is the units digit of (-8)/(-28) - 184418/(-14)?
3
Let m(g) = -g**2 - 10*g - 13. Let b be m(-8). Let q be (523 + b)/(2 - 3). What is the units digit of (-40)/24 - q/6?
6
Suppose 42*j + 285 = 27*j. Suppose 0 = -3*c - 4*k + 114, -5*k = -3*c + 5*c - 83. Let s = c + j. What is the tens digit of s?
1
What is the tens digit of 52 + 20178 + 4/(-2) + -7?
2
Let n be ((-63)/28 - -2)*-2*314. Let k(p) = -50*p**3 + p**2 - 1. Let g be k(-1). Let v = n - g. What is the hundreds digit of v?
1
Suppose -42*h - 135*h = 12213. Suppose -p + 4*r + 472 = 3*p, -3*r + 598 = 5*p. Let i = p + h. What is the units digit of i?
0
Suppose -3 = 3*b - 5*a, 5*a = -2*b - b + 27. Suppose -k = -b*w - 280, 2*k + 2*w - 572 = 6*w. What is the hundreds digit of k?
